 6345.
6334
What is the remainder when 715876 is divided by 485?
16
Calculate the remainder when 3243755 is divided by 6250.
5
Calculate the remainder when 50589700 is divided by 4752.
4660
Calculate the remainder when 480950 is divided by 2687.
2664
Calculate the remainder when 2778212 is divided by 729.
722
What is the remainder when 49651616 is divided by 24825808?
0
Calculate the remainder when 17878198 is divided by 166.
164
What is the remainder when 119798 is divided by 8558?
8544
What is the remainder when 194471 is divided by 96938?
595
Calculate the remainder when 26923 is divided by 2494.
1983
Calculate the remainder when 2051386 is divided by 10.
6
What is the remainder when 1674846 is divided by 779?
775
What is the remainder when 235128752 is divided by 52?
40
What is the remainder when 12059228 is divided by 210?
188
What is the remainder when 6542137 is divided by 1090356?
1
What is the remainder when 632903 is divided by 209661?
3920
What is the remainder when 8561340 is divided by 129?
126
What is the remainder when 316005 is divided by 1764?
249
What is the remainder when 205261 is divided by 432?
61
What is the remainder when 1100533 is divided by 4474?
4403
Calculate the remainder when 113786864 is divided by 16255264.
16
Calculate the remainder when 537853 is divided by 234.
121
Calculate the remainder when 4722057 is divided by 140.
137
Calculate the remainder when 49433082 is divided by 128.
122
What is the remainder when 251747879 is divided by 18?
5
Calculate the remainder when 480330 is divided by 157649.
7383
What is the remainder when 1003279 is divided by 3419?
1512
Calculate the remainder when 7815035 is divided by 14.
11
Calculate the remainder when 8635189 is divided by 103.
81
Calculate the remainder when 87180516 is divided by 1477635.
51
What is the remainder when 3692365 is divided by 140?
5
What is the remainder when 6714158 is divided by 182?
178
What is the remainder when 30164468 is divided by 7541113?
16
What is the remainder when 58236597 is divided by 1127?
1126
What is the remainder when 54815771 is divided by 525?
521
Calculate the remainder when 28069551 is divided by 642.
27
What is the remainder when 4800452 is divided by 320027?
47
What is the remainder when 4124716 is divided by 412471?
6
Calculate the remainder when 15526301 is divided by 2202.
2201
Calculate the remainder when 198341428 is divided by 2935.
2933
What is the remainder when 335321 is divided by 7882?
4277
Calculate the remainder when 16745082 is divided by 1.
0
Calculate the remainder when 25017916 is divided by 2676.
2668
Calculate the remainder when 19861979 is divided by 794479.
4
Calculate the remainder when 93418 is divided by 249.
43
Calculate the remainder when 3868649 is divided by 45.
44
Calculate the remainder when 17100369 is divided by 64.
17
What is the remainder when 1454058 is divided by 115?
113
What is the remainder when 174890 is divided by 4328?
1770
Calculate the remainder when 3663592 is divided by 3663565.
27
What is the remainder when 2409521 is divided by 2315?
1921
Calculate the remainder when 29736803 is divided by 1896.
1835
What is the remainder when 121986 is divided by 1787?
470
What is the remainder when 219751 is divided by 1679?
1481
Calculate the remainder when 2321035 is divided by 3888.
3787
What is the remainder when 220956 is divided by 3247?
160
What is the remainder when 552132 is divided by 317?
235
Calculate the remainder when 1877012 is divided by 9.
8
What is the remainder when 12268742 is divided by 2044784?
38
Calculate the remainder when 109513 is divided by 1527.
1096
What is the remainder when 157687 is divided by 166?
153
Calculate the remainder when 32069 is divided by 4001.
61
Calculate the remainder when 18040 is divided by 2931.
454
Calculate the remainder when 5770035 is divided by 4052.
4039
Calculate the remainder when 4700432 is divided by 2832.
2144
What is the remainder when 44552972 is divided by 22276472?
28
What is the remainder when 350536249 is divided by 11?
8
Calculate the remainder when 778576 is divided by 97321.
8
Calculate the remainder when 77980 is divided by 73400.
4580
What is the remainder when 43089244 is divided by 3590767?
40
What is the remainder when 73045127 is divided by 24?
23
What is the remainder when 1329124 is divided by 658?
622
Calculate the remainder when 9896041 is divided by 471239.
22
What is the remainder when 59395466 is divided by 74?
32
What is the remainder when 8258002 is divided by 97?
4
What is the remainder when 255816 is divided by 109?
102
What is the remainder when 319346 is divided by 51?
35
Calculate the remainder when 2317461 is divided by 331045.
146
Calculate the remainder when 1271497098 is divided by 2150.
2148
What is the remainder when 2125551 is divided by 572?
571
Calculate the remainder when 1293063081 is divided by 331.
327
Calculate the remainder when 39582457 is divided by 1352.
1305
Calculate the remainder when 2911386 is divided by 23106.
30
What is the remainder when 2355414 is divided by 1211?
19
What is the remainder when 232431 is divided by 116016?
399
Calculate the remainder when 11879629 is divided by 5939813.
3
What is the remainder when 2735713 is divided by 1104?
1
What is the remainder when 267566 is divided by 58?
12
What is the remainder when 37660574 is divided by 25?
24
What is the remainder when 156795266 is divided by 1931?
1928
Calculate the remainder when 50321 is divided by 1899.
947
What is the remainder when 70920 is divided by 23616?
72
Calculate the remainder when 504798 is divided by 984.
6
Calculate the remainder when 32863600 is divided by 302.
262
What is the remainder when 34716 is divided by 5678?
648
Calculate the remainder when 262166 is divided by 1191.
146
Calculate the remainder when 11334 is divided by 423.
336
Calculate the remainder when 2179199 is divided by 2147.
2141
Calculate the remainder when 3584728 is divided by 64013.
0
What is the remainder when 50286 is divided by 16235?
1581
Calculate the remainder when 57523167 is divided by 2746.
2705
What is the remainder when 14205520 is divided by 26?
4
Calculate the remainder when 343675 is divided by 185.
130
What is the remainder when 41437243 is divided by 51?
49
What is the remainder when 437204 is divided by 108769?
2128
Calculate the remainder when 280632454 is divided by 49.
46
Calculate the remainder when 23382499 is divided by 20.
19
What is the remainder when 12132862 is divided by 112?
14
What is the remainder when 3089211 is divided by 995?
731
What is the remainder when 32885130 is divided by 20?
10
What is the remainder when 2209110 is divided by 1103500?
2110
Calculate the remainder when 5812495 is divided by 206.
205
What is the remainder when 987271 is divided by 200?
71
Calculate the remainder when 212697 is divided by 105101.
2495
What is the remainder when 3796092 is divided by 90?
72
Calculate the remainder when 119845 is divided by 320.
165
What is the remainder when 10905177 is divided by 930?
927
Calculate the remainder when 5613444 is divided by 561343.
14
Calculate the remainder when 34215 is divided by 783.
546
What is the remainder when 53464 is divided by 4265?
2284
Calculate the remainder when 5838819 is divided by 407.
404
Calculate the remainder when 349871 is divided by 8087.
2130
What is the remainder when 1942315 is divided by 13?
11
Calculate the remainder when 15198691 is divided by 3.
1
What is the remainder when 12730252 is divided by 2546048?
12
Calculate the remainder when 11112991 is divided by 4693.
4660
Calculate the remainder when 1655028 is divided by 57069.
27
Calculate the remainder when 1694051 is divided by 17286.
23
Calculate the remainder when 1045182381 is divided by 13273.
13269
What is the remainder when 2929271 is divided by 69744?
23
What is the remainder when 287756 is divided by 21?
14
Calculate the remainder when 3043714 is divided by 1781.
1766
Calculate the remainder when 11368 is divided by 1866.
172
Calculate the remainder when 4469 is divided by 4387.
82
Calculate the remainder when 66831 is divided by 1172.
27
What is the remainder when 969058 is divided by 1050?
958
What is the remainder when 42951 is divided by 14046?
813
What is the remainder whe